{"version":"1.0","type":"rich","width":"560px","height":"140px","title":"Tessa Ganserer (B90\/Gr\u00fcne) \u00fcber den Frankenschnellweg und die Gr\u00fcnen","url":"https:\/\/dasredaktiv.de\/tessa-ganserer\/","author_name":"Redaktiv - Politik, Interviews und mehr","author_url":"https:\/\/dasredaktiv.de","thumbnail_url":"https:\/\/dasredaktiv.de\/wp-content\/uploads\/podkl_hint.png","html":"<iframe width=\"560px\" height=\"140px\" src=\"https:\/\/dasredaktiv.de\/tessa-ganserer\/?standalonePlayer\"><\/iframe>"}

Tessa Ganserer (B90/Grüne) über den Frankenschnellweg und die Grünen
